 value of -17 - -11 - -5 - (-6 - -3)?
2
-25 + -49 + 59 + -2 + 0
-17
Evaluate 0 - 2 - 33 - (-22 + (-16 - -35)).
-32
Evaluate 27 + -31 + 18 + 8.
22
What is the value of -6 - (0 - 3 - (8 + 1 + 0))?
6
Evaluate -20 + (19 + -22 - -21).
-2
Evaluate (0 - -5) + -153 + 149.
1
What is 1 - 6 - (-13 + 11)?
-3
What is the value of -4 + (-1 - (-5 + 1) - (-113 + 110))?
2
Evaluate -21 - ((-1 - 2) + 19 - 15).
-22
What is the value of 8 - ((20 - (3 - -6)) + 6)?
-9
(-3 - (17 - 23)) + (-10 - 0)
-7
Calculate 2 + (-12 - 2 - -1).
-11
-88 + 80 - (-13 - 3)
8
-1 - (4 - 6 - (5 + -7 + -5))
-6
5 + 5 + 4 + -7 + -1 - -1
7
Calculate 17 - (0 + 4) - (38 - 36).
11
What is the value of -4 + 10 - (12 + 2 - 5)?
-3
What is (2 - 1) + -8 + 4 + -17 + 17?
-3
What is -63 + 3 + 129 + -97?
-28
Calculate -4 + (4 - 5) - 8.
-13
Evaluate 16 - (-22 + 5 - -48).
-15
Calculate (1 - 6 - (-31 + 15)) + -9.
2
Evaluate 0 - -13 - ((19 - 5) + 15).
-16
What is the value of -16 + 1 + -3 + 15 + (-10 - -1)?
-12
Calculate (0 - -8 - (22 + -10 + -5)) + -5.
-4
Calculate 19 + (-1 - 12) - 28.
-22
(11 - (8 - 4)) + 2
9
What is the value of -2 + -33 + 12 - (6 + 0)?
-29
Calculate -1 + 7 + -2 + (-10 - (7 + -15)).
2
What is -24 + 32 + -5 + -11?
-8
Evaluate (-4 + 12 + -3 - 11) + (7 - 10).
-9
Calculate -14 - (6 - 10) - (-9 - 14).
13
Calculate -4 + -1 + -5 + 15 - 4.
1
-23 + (-19 - -49) + (0 - 37)
-30
What is the value of 11 + 1 - (271 + -255)?
-4
5 - (-24 + (36 - 23))
16
5 - ((-17 - (-10 + -9)) + 15)
-12
What is the value of ((-9 - -1) + 6 - -4) + 0 + 3?
5
What is 51 + (41 - 136) - (-18 + 2)?
-28
Evaluate -2 - (-6 - 13) - 26.
-9
(1 + -3 - -4) + (-26 - (38 - 55))
-7
Calculate -26 + 5 + 14 - -28.
21
68 - 82 - (2 - 6)
-10
Evaluate -8 - (-6 - (2 - 9)).
-9
What is the value of -50 + (54 - 37) + 1?
-32
(-4 - -17 - 19) + 5
-1
What is the value of -26 + (39 + 24 - 8)?
29
Evaluate (-3 - -7) + -25 + 29.
8
What is the value of 2 + -2 + -9 + 6 + 7 + 1?
5
Calculate 12 + (-16 + 28 + (-9 - -3) - 33).
-15
Calculate 6 - (-7 - (-8 - (11 - 10))).
4
23 + (12 - (67 - 23))
-9
Calculate -12 - 3 - (-80 - -58).
7
Evaluate 25 - (-40 - (-32 + -6)).
27
What is the value of 6 + -8 + (2 - -3) + 8?
11
What is the value of -2 + (19 - 10) + 4 + -2?
9
Calculate (20 - (34 - (-13 - -31))) + (7 - 1).
10
Calculate 96 + -83 - 21 - (11 + -1 - 0).
-18
Evaluate 1 + -21 - (-15 - -16 - 6).
-15
Calculate 1 + (-3 - -10) - (36 - (24 - 21)).
-25
What is the value of (-22 - -91) + -20 - 25?
24
Calculate 0 + (-7 + 4 - -2).
-1
Evaluate 24 - (6 - (-8 + 13 - -3 - 8)).
18
Evaluate -13 - 0 - (1161 + -1153).
-21
20 + -4 + (-4 - (-10 + 10))
12
-1 + 22 + -32 + 0 + 3 - -2
-6
11 - (-19 - (-27 + 0))
3
Evaluate -12 - ((-13 - -14) + -11).
-2
Calculate 1 + (9 - (3 + 2)).
5
Evaluate 21 - (-4 - -14) - (6 - 10).
15
What is the value of 11 + -2 - (-7 + -9 + 27)?
-2
What is -5 + (-1 + -5 - -19) + (-1 - 3)?
4
What is the value of -7 - (8 + -26 - 5)?
16
Calculate 7 + (-2 - -10 - 22).
-7
Evaluate -1 - (0 - 7) - (-5 + -3 + 7).
7
What is the value of -50 - (-15 - -7 - 14)?
-28
Evaluate 12 + (4 - (-2 - -10)) - -10.
18
Evaluate 9 + (-11 - 6) - (-1 + 0 - -20).
-27
Evaluate -48 + 47 + -32 + 12.
-21
What is the value of 11 + 34 + -69 + 5?
-19
-2 + 14 + -3 + (-53 - (-39 + 24))
-29
What is the value of 164 + -168 + 1 + 7 + -6 + -1?
-3
Evaluate (14 - 22) + 17 + 21.
30
Calculate -32 - (2 + -3 + -21).
-10
3 - 15 - (30 + -27 + 7)
-22
Calculate -1 + -6 + -1 - ((19 - 42) + 28).
-13
What is the value of -1 + (0 - (-11 + 24)) - -24?
10
What is the value of (15 - (25 - 43)) + -42?
-9
What is 142 + -140 + (8 - 0)?
10
-26 + 22 + 6 + (-6 - (0 - -1))
-5
1 + 0 - (-13 + 30)
-16
Evaluate (3 + 17 + -15 - 3) + 10.
12
What is the value of -18 + (31 - (12 + -10))?
11
What is the value of 22 - 21 - (4 + -3) - (8 - -5)?
-13
Calculate -6 + (6 - -2) + 4 - (7 + 0).
-1
Calculate 6 - (16 - (0 + 5)) - 8.
-13
Evaluate -19 - (-18 + -21 + 15).
5
What is the value of 1 + -7 + -113 + 107?
-12
What is the value of (5 - (-7 + 21)) + 26 + -27 + -20?
-30
What is (-43 - -18) + (18 - 2)?
-9
-10 - (13 - (9 + -7)) - 5
-26
What is 13 - (-4 - (-7 - 7 - -4))?
7
What is the value of (-2 - -1) + (169 - 172) - (0 - 2)?
-2
What is the value of -27 - (-17 + 8 + -8)?
-10
What is (19 - 17) + (-19 - -6)?
-11
What is 44 + (4 - 1) + (-27 - -17) - 10?
27
-1 - 3 - (8 - (52 + -29))
11
What is the value of (-3 - (9 - 21)) + -13?
-4
-2 - (0 + 4 + 104 + -88)
-22
What is 0 + (-3 - 4) + 6 + -3 + 0?
-4
What is -8 + 0 - (512 + -502)?
-18
Calculate (-13 - -27) + -17 + (0 - -11).
8
-880 - -888 - ((1 - 1) + -4)
12
Evaluate (2 - 6) + 9 + -8.
-3
Evaluate 4 + -1 + 2 + (3 - 22).
-14
Evaluate (5 - 5) + -4 + 16 - 0.
12
Calculate 3 + (10 - 27 - -14).
0
Evaluate -7 - (3 + 10 + -7 + -6).
-7
What is -13 - (-13 - -12 - 11)?
-1
Evaluate -24 - (-24 - 20) - 21.
-1
What is the value of 12 + (-13 - -9 - 7)?
1
What is the value of -4 + (2 - 12) + 4 - -10?
0
What is (-23 - -53) + -17 - (29 - -4)?
-20
Calculate 6 + (3 - (8 - -9)).
-8
What is the value of -11 - (1 - (6 + 7 + -4))?
-3
What is the value of 4 + -18 + 35 + -33?
-12
Calculate -17 + (-7 - (-28 - -23)).
-19
Calculate -3 - (-5 + -1) - 5 - 0.
-2
Calculate -1516 + 1540 - (-1 + 38).
-13
Evaluate (10 - (-5 + 3)) + -19 + -5.
-12
Evaluate 7 - (16 + -10 + 6 + -7 + 5).
-3
-3 - (12 + (0 - 16) - 12)
13
Calculate -4 + (10 + -5 - ((-4 - -13) + -4)).
-4
What is -7 - ((-6 - -5) + 7 + -6 + -1)?
-6
Evaluate 10 - (24 + -18 - -1).
3
What is (-2 + 35 + 0 - -1) + (-1257 - -1254)?
31
Evaluate (3 - ((-5 + -1 - -4) + 0)) + -7.
-2
What is -3 + (-6 - -22 - 6) - 7?
0
Calculate -8 - (7 - (20 + -18 - (-5 - -1))).
-9
-1 + -4 + -17 - -7 - -7
-8
What is the value of 17 + (17 - 20) + -17?
-3
What is (-11 - -4) + (30 - 13 - 32)?
-22
What is the value of 1 - -13 - (-14 + 26)?
2
10 - -1 - ((-22 - -2) + (31 - 7))
7
Calculate -11 + 7 - 5 - (3 + 1).
-13
Calculate 9 - (-4 - -6) - 9.
-2
What is the value of (1 - -3) + 2 - (-82 - -115)?
-27
Evaluate (9 - 39) + 14 - -17.
1
What is the value of 1 + 2 - ((-15 - (6 + -16)) + 20)?
-12
What is the value of -17 + 5 + (5 - -6) - (0 - 9)?
8
What is 37 + -22 + -15 - (0 - 6)?
6
Calculate 0 + -3 - ((-9 - -9) + 6 + 5).
-14
5 - 10 - (9 - (2 - -9))
-3
0 - (0 + -5 - (2 - 6)) - 8
-7
Evaluate 3 + (10 - ((11 - 25) + 4)) + -2.
21
What is the value of 46 + (-8 - 1) + (169 - 176)?
30
Calculate (-3 - -9) + (328 - 320).
14
What is 1 + 28 + -60 - (2 - (-1 + 8))?
-26
Calculate -23 + 15 - (-7 - 2) - -8.
9
(-67 - 7) + (64 - 25)
-35
What is -39 + 45 - (-5 - -5)?
6
-9 + 14 + -7 + (-3 - 4)
-9
Evaluate -86 + 55 + (-4 - -3).
-32
Calculate (0 - (4 - 5)) + (-3 + 8 - 2).
4
What is -15 + (12 - 6) + -16 + 2 + 10?
-13
Evaluate 226 - 222 - (8 + 1).
-5
Calculate 5 + (-9 - (5 - 12)) + 9.
12
What is the value of ((-10 - 1) + 7 - 3) + 19?
12
(33 - -3) + 279 + -304
11
Calculate (9 - (1 - (-12 + 12))) + 0.
8
-15 + -17 + 23 - (-14 + -1)
6
What is the value of (-1 - 2 - 10) + 35 + 5 + -29?
-2
Evaluate 0 + (-10 + 3 - -8) - (-27 - -14).
14
What is 3 + 4 + (7 - 6) + -3 - -6?
11
Evaluate 36 - ((31 - 35) + 23).
17
Evaluate (13 - -13) + -9 + -20.
-3
What is the value of 27 - (-1 - -1) - (10 - (-13 + 14))?
18
15 - ((-3 - -13) + 5 + 9)
-9
Calculate (43 + -8 - 25) + -38 + -3.
-31
What is the value of (-7 + 7 - 5 - -9) + -7 + 0?
-3
What is the value of (-343 - -333) + (29 - 1)?
18
What is the value of (3 + -1 - -1) + -8?
-5
3 + 0 + 3 - -15 - (-2 - -8)
15
(-57 - -34 - -4) + 16
-3
Calculate (-10 - 29) + 21 + 1.
-17
-27 + 4 + (259 - 263)
-27
What is (3 + -3 + 1 - -10) + -21 + 21?
11
(-16 - -4 - -5) + (22 - -6)
21
Calculate (-57 - -51) + 4 + -1 + -2.
-5
What is the value of (0 - (-2 - -15)) + 26 + (-17 - 3)?
-7
What is 28 - (12 - 17) - (-4 + 17)?
20
Evaluate -11 + 1 + -4 + 10 + 0 + -6.
-10
Calculate (4 - (4 - 0)) + (5 - 4) - 10.
-9
Evaluate 2 + (0 - -1) + -376 + 378.
5
Evaluate 22 - -1 - 17 - 5.
1
(-77 - -59) + 2 + 18
2
Evaluate -27 + 0 - ((3 - 26) + 23 + -5).
-22
What is -22 + 8 - -8 - (-4 + 1)?
-3
What is (15 - 11) + (4 - (2 + 2) - 6)?
-2
What is the value of (-3 - ((-5 - -13) + 5)) + 2 + 5?
-9
-33 + 5 - -15 - (-3 + -1 + -1)
-8
9 - (4 + -12 + 5 + 7)
5
What is the value of 4 + -7 + 3 + 2 + (1 - -6)?
9
What is ((13 - 1) + -26 - -9) + (-2 - -29)?
22
Evaluate -3 + -5 - (-2 + (-18 - -28)).
-16
What is (2 - (-4 - 1 - -6) - 2) + 8?
7
Calculate (-2 + 3 - (-6 + 4)) + 15 + -6.
12
Wh